**2/2 - 23*f - 148. Let j = -29 - -18. Give z(j).
-8
Let f = 2459 + -2483. Let m(p) = -p**3 - 23*p**2 + 26*p + 45. Calculate m(f).
-3
Let l(m) = -2*m + 4*m - m + 4. Suppose -520 + 292 + 270 = -6*u. Calculate l(u).
-3
Let u(h) be the first derivative of h**4/4 + h**3 - 3*h**2/2 - 3*h + 2. Let v be (3717/(-1652))/((-3)/(-4)). Give u(v).
6
Let t(h) = -13*h + 1 - 11*h + 2 - 4*h**2 + 11*h. Let p(a) = -24*a**2 - 14*a + 2 + 12*a**2 + 7*a**2. Let y(f) = 5*p(f) - 6*t(f). What is y(7)?
-1
Suppose -a + 704 = -4*y, -y - 2*y = -4*a + 541. Let b = y + 184. Let u(t) = -2*t + 3. Determine u(b).
-15
Let k(z) = -z**3 + 21*z**2 + 23*z + 10. Let s be -5*81/45 + 31. Determine k(s).
32
Let t be (-9 + -26)/(-7) + (-18)/1. Let i be 57/76 + t/(-4). Let w(f) be the second derivative of f**4/12 + 2*f**3/3 - 3*f**2 - f. What is w(i)?
26
Suppose 6*i - 690 - 1302 = 0. Let r = -341 + i. Let o(d) = -d + 10. Determine o(r).
19
Let d = 571 + -571. Suppose -3*c - r + 24 = d, -1 = -3*c + 4*r + 8. Let u(a) = a**2 - 5*a - 9. Determine u(c).
5
Let n(w) = 4*w**2 + 3*w + 2. Let v be n(-1). Let x(t) = 7*t**2 - 30 + v*t + 3*t**2 + 31 - t**2 + t**3 - 4*t. What is x(-9)?
10
Let h be (2/4)/((-10)/(-60)). Suppose -2*c = 3*w + 13, -h*w - w = -3*c + 6. Let g(z) = -4*z + z + 5*z - 2 + 3*z**2. Give g(c).
6
Suppose 3*w + 3*m - 33 = 0, -3*w + m = -w - 37. Let x(g) = -g**3 + 18*g**2 - 34*g - 15. Calculate x(w).
-47
Let b(q) = 63*q + 79. Let i(m) = -106*m - 158. Let t(a) = -5*b(a) - 3*i(a). What is t(-24)?
7
Let m(y) = 31*y**2 + 31*y**2 - 61*y**2 - 13 - 7*y - 2*y + 3*y. Suppose 21 = 5*o - 2*o. Give m(o).
-6
Let x = 167 + -165. Let f(z) = 5*z**3 + 2 - 3*z**3 + 3*z**2 - z**x. Calculate f(-2).
-6
Let o = 37 - 8. Let b be 1*(0 - (-1)/(-1)*-11). Suppose 0 = -6*i + b - o. Let t(w) = w**3 + 2*w**2 - 3*w + 3. Calculate t(i).
3
Let l = -4285 - -4304. Let c(y) = -y**3 + 18*y**2 + 18*y + 23. Determine c(l).
4
Let b = 6 + -2. Suppose 3*a - 4*n - 10 = b*a, n - 8 = -2*a. Let f(c) = -3*c + 16*c - 6*c + 14 - a*c. What is f(-11)?
3
Let l be (-9)/(4/8*-2). Let b = 4 - l. Let d(g) = 5*g + 2. Let a(f) = -2*f. Let p(j) = 2*a(j) + d(j). What is p(b)?
-3
Let v(j) = -6*j**2 + 37*j - 2. Let i be v(6). Let w(o) = o**2 - 21. Give w(i).
-5
Let f(v) = -v**3 - 6*v**2 + 10. Let h(c) = 2*c**3 + 21*c**2 + 14*c + 35. Let i be h(-10). Give f(i).
-15
Let u(i) = 7*i - 4. Suppose m + 420 = 7*m. Let h = m - 76. What is u(h)?
-46
Let v(z) = -z**3 + 9*z**2 - z + 9. Let c be v(9). Suppose k + 2*t - 5*t - 24 = 0, c = 2*k + 4*t + 2. Let n = 8 - k. Let l(q) = -2*q + 1. Give l(n).
3
Let k(g) = 37*g - 4. Suppose s - 39*r + 37*r - 4 = 0, -4*s - 2 = -2*r. What is k(s)?
-78
Let j(s) = -s**2 - 7*s + 8. Let d be (-590)/(-6 - -8) + 2. Let g = 286 + d. Determine j(g).
8
Let n(q) = -4*q**3 - 8*q**2 + 9*q + 10. Let p(a) = 3*a**3 + 6*a**2 - 8*a - 10. Let j(k) = 2*n(k) + 3*p(k). What is j(-5)?
-55
Let i(n) = 3*n**2 - 442 - 7*n - 14*n + 2*n**2 - 4*n**2 + 485. Give i(19).
5
Let a(w) = 0*w + 1 + w - 2*w - 12*w. Let h = -363 + 366. Suppose 3*o = -2*f + 4 - h, 5*o = -5*f. Calculate a(o).
-12
Suppose 15 + 1 = 4*a. Suppose -a*w - 6 - 2 = 0. Let n(b) = -11*b**2 - 21*b - 51. Let s(k) = 10*k**2 + 19*k + 46. Let p(x) = -9*n(x) - 10*s(x). What is p(w)?
-3
Suppose 19*w - 367 = -44. Let i(n) = 11*n - 81. Let q(f) = 4*f - 27. Let a(t) = w*q(t) - 6*i(t). What is a(-13)?
1
Let o(v) = v**3 - v**2 + 2*v + 43. Let d = -904 - -904. What is o(d)?
43
Let q = 43090 + -43089. Let o(d) be the second derivative of 37*d**5/20 - d**4/6 + d**2/2 + 4*d. What is o(q)?
36
Let l(a) be the first derivative of 2*a**3/3 - a**2/2 - a + 1. Suppose -8280 = -21*k + 6*k. Let s = 550 - k. Determine l(s).
9
Let m(f) be the second derivative of -f**4/12 + 4*f**3 - 26*f**2 + 2482*f. Give m(22).
-8
Let j(x) = -x - 12. Let h = -147 - -149. Let n be -13 - ((-4 - -8) + (0 - h)). Determine j(n).
3
Let u(j) = 19*j**3 - j**2 - 4. Let d(t) = 34*t**3 - 3*t**2 - 9. Let q(n) = 5*d(n) - 9*u(n). Calculate q(-6).
-9
Suppose -5*y - 3 + 4 = -3*o, 14 = -2*y. Let j(q) = -q**2 - 12*q - 24. Calculate j(o).
-24
Let i(h) = h + 3. Suppose -5*c + 9*a = 4*a - 40, c - 3*a - 16 = 0. Let q(b) = -15*b**2 - 72*b + 17. Let o be q(-5). Suppose -c*n = -o*n - 0*n. Determine i(n).
3
Suppose 32*m + 65 = -31. Let k(x) = 6*x**2 + 6*x**2 + 4*x + x**3 - 7*x**2. What is k(m)?
6
Let t be (-1)/(-2)*(31 - 27). Let o(r) = -17 + r**t + 48 - 17 - 15. Determine o(2).
3
Let d(x) = 2*x**2 - 5*x - 3. Suppose -j = -5, 0*t + 2*j = 4*t - 6. Let y(g) = 5*g**2 - 5*g - 4. Let h be y(t). Let l = h - 52. Give d(l).
9
Let y(u) = 8*u**2 + 53*u + 3. Let m(w) = -31*w - 1246. Let i be m(-40). What is y(i)?
-27
Let p(g) = 6*g**2 + 80*g - 269. Let v be p(-16). Let k(s) = -4*s**3 - 10*s**2 - 7. Let q(f) = f**3 - f**2 + 1. Let x(w) = -k(w) - 3*q(w). Determine x(v).
4
Let q(s) = s**3 + 15*s**2 - 4*s - 36. Let x(f) = 18*f + 795. Let a be x(-45). Calculate q(a).
24
Let n = 195 + -207. Let y(i) = -11 - 12*i + 3*i**2 + i**3 + 18*i + 8*i**2 - 20*i. Determine y(n).
13
Let b(z) = 79*z + 6*z**2 + 71*z + 9*z**2 + 23 + 6*z**3 - 7*z**3 - 136*z. Give b(16).
-9
Let s(j) = j**3 - 6*j**2 - 4*j + 1. Let u = -687 + 687. Suppose -8*i - 38 + 86 = u. What is s(i)?
-23
Let u be (-34)/(-6) + 2/6. Suppose -u*k + 12*k = 6. Let y(r) = -2*r - 6*r + 1 + r. What is y(k)?
-6
Suppose -4*k + 3*k - 2*y = 6, 3*k + 5*y + 14 = 0. Let s(t) = 6*t**3 - 3 - 4*t**3 + 9*t**k - t**3 - 3*t - 4*t**2. Calculate s(-5).
12
Let f(k) = -14*k**3 - 111*k**2 - 157*k + 11. Let n(g) = -22*g**3 - 166*g**2 - 240*g + 16. Let w(r) = -8*f(r) + 5*n(r). Calculate w(-28).
-8
Let m(f) be the first derivative of -f**3/3 - 7*f**2 + 478. Give m(-14).
0
Let p be (2 - -2)*(-7)/(-14). Suppose -m = 2, -m + 18 = p*j - 6. Suppose j = -5*n - 22. Let o(f) = f**3 + 7*f**2 + f - 2. Calculate o(n).
-9
Let h(b) = -2*b**3 + 2*b**2. Let m = 29975 - 29976. Calculate h(m).
4
Let a(c) = -c + c + 4*c**2 + 1. Suppose 22 = 4*s - 3*i, -14 = -3*s - 1981*i + 1983*i. What is a(s)?
17
Suppose -113*y + 114*y = 1. Suppose 5*h - 8 + 3 = 0, v = -h + y. Let c(b) = b**3 + b**2 - 3. What is c(v)?
-3
Let q be (((-2)/1)/4)/(2/4). Let b be q*5*(-36)/30. Let h(f) = b*f + 3*f - 8*f - 2. Calculate h(8).
6
Let t(y) = 540*y**2 - 101 - 1634*y**2 + 545*y**2 + 43*y - 46 + 546*y**2. What is t(9)?
-3
Suppose 3*x - 4*r - 16 = 0, -3*x = 2*x - 5*r - 20. Suppose 7*p = 4*p + 9. Let d(t) = p*t + 4 + t**3 + 5*t**2 - 6 + x. What is d(-4)?
2
Let w(t) = 12*t**2 - 7*t - 11. Let o be w(-2). Suppose 13 = o*m - 50*m. Let s(p) = -p**2 - 4*p + 0*p**2 + 33 - 14 - m. What is s(-5)?
1
Let y(o) = 36*o**3 - 99*o**2 - 164*o - 56. Let f(z) = 5*z**3 - 14*z**2 - 23*z - 8. Let w(r) = -29*f(r) + 4*y(r). Let s be (1 - (1 - 1))*11. Determine w(s).
8
Let p(o) = 3*o + 1. Let u(t) = 12*t + 44. Let n(m) = -3*p(m) + u(m). Let x be n(-13). Let i(v) = -5*v**2 + 3*v - 3. Calculate i(x).
-17
Let f = -7877/1032 + 330/43. Let z(x) be the third derivative of -f*x**4 + 0 - 15*x**2 + 0*x + 5/6*x**3. What is z(6)?
-1
Let k(m) = -m**3 + 19*m**2 - 49*m + 23. Let g be 1*(-77)/(-5) - 15/(-25). Give k(g).
7
Suppose 11 = p - 4*f - 2, -26 = 2*p + 5*f. Let c(v) = v - 2. Let q be c(6). Let a(y) = 0 + 2*y - q + 2*y - 2*y. Determine a(p).
-10
Let g(d) be the second derivative of -d**4/12 - d**3 + 93*d**2/2 - 14*d - 53. Give g(8).
-19
Let y(q) = q**3 - 9*q**2 - 8*q + 20. Let d be y(10). Let g be 100/d*(-4)/2. Let u(h) = 7*h + 4*h**2 + 0 + 5 - 3*h**2. Calculate u(g).
-5
Let y = 9004 - 8998. Let z(v) = -v**2 + 10*v. Give z(y).
24
Let c(q) be the first derivative of 34 - 1/6*q**4 - 50*q - 1/3*q**3 - 3/2*q**2. Let r(d) be the first derivative of c(d). What is r(-2)?
-7
Suppose 68 = 9*j + 25*j. Let l(n) = 6*n**3 - 45 + 5*n**2 - 7*n**3 - j*n + 38. Determine l(5).
-17
Let m(d) = -208*d + 51. Let z(i) = 38*i - 9. Let l(b) = 2*m(b) + 11*z(b). Give l(-12).
-21
Let s(a) = a**2 - 11*a - 13. Suppose -38 + 62 = -k. Let n(m) = 7*m + 177. Let w be n(k). Calculate s(w).
-31
Suppose 0 = -3*q - 0 - 3. Let z be -2 + 2 + (-3 - -5). Let h(x) = 19 - 18 + 10*x**z + 5*x - 4*x. Determine h(q).
10
Let b be ((-7)/(-14))/((-3)/(-24)). Let h(r) = -2*r + 2. Let f(q) = -4*q + 3. Let g(u) = -2*f(u) + 5*h(u). Give g(b).
-4
Let j(o) = 4*o - 6. Let u = 10986 - 10987. Determine j(u).
-10
Let k(b) = b**3 + 4*b**2 + 3*b - 2. Suppose -2*q = -8*q. Suppose -54*a - 24